-4132 + 4530. What is the greatest common divisor of n and 14527?
199
Let t = -21023 - -21054. Calculate the greatest common divisor of t and 47.
1
Suppose -5*v = 2*a + 13, 5*a = 3*v + 2 + 12. Let p be (60/16)/(v/(-36)). What is the greatest common divisor of 18 and p?
9
Suppose -3*p + 900 = -0*p + 7*p. Calculate the highest common divisor of 4020 and p.
30
Let x = -2360 - -2408. Let p(y) = 19*y - 2. Let k be p(-2). Let u = -28 - k. What is the greatest common factor of x and u?
12
Suppose -25 = -5*p - 10*v + 14*v, -2*p + 10 = -4*v. Suppose 9 = -2*x + z + 68, -p*x + 120 = 3*z. Calculate the highest common divisor of 459 and x.
27
Let a = -1212 - -1354. Let z be ((-84)/24)/((-570)/284 - -2). What is the highest common divisor of a and z?
71
Suppose -30 = -6*l + 36. Suppose -216*r + 217*r - l = 0. Calculate the greatest common divisor of r and 627.
11
Let s(o) = -o**3 + 6*o**2 + 4*o - 8. Let z be s(6). Calculate the highest common factor of 4496 and z.
16
Suppose 0 = -3*o + 49 - 7. Let s = o - 5. Let a(x) = 29*x + 1166. Let y be a(-40). What is the greatest common divisor of s and y?
3
Let n be 56/12 + -1*(-4)/(-6). Suppose -5*k + 63 = -n*q, 5*q = 3*k - 46 + 16. What is the greatest common factor of 105 and k?
15
Suppose -7*f = 286 + 274. Let h(a) = 14*a**2 - a - 1. Let r be h(3). Let u = f + r. What is the greatest common divisor of 28 and u?
14
Let j(f) = -f**3 - 23*f**2 - 45*f - 10. Let x be j(-22). Calculate the greatest common factor of x and 310.
62
Let v = -19158 + 19932. Calculate the greatest common factor of v and 117.
9
Let w(r) = 93*r**2 - 25*r + 23. Let n be w(1). Calculate the highest common factor of 1898 and n.
13
Suppose 9*u - 182 = 988. Let d = u - 26. What is the greatest common factor of 156 and d?
52
Let w be 6636/(-546) + 2/13. Let o be (-4499)/(-44) + (-9)/w - 3. Calculate the greatest common factor of o and 20.
20
Let f = -12309 + 12859. What is the highest common factor of f and 198?
22
Suppose 32*g - 24 = 26*g. Suppose 3*l - x - 62 = 0, l + x - g = -2*x. Calculate the highest common factor of 19 and l.
19
Let u(a) be the second derivative of 0 + 1/20*a**5 - 8*a + 5/6*a**3 + 9/2*a**2 - 11/12*a**4. Let l be u(11). What is the greatest common divisor of l and 16?
16
Let q = 3719 + -3650. What is the greatest common divisor of q and 5658?
69
Suppose -f + 1650 = 2*u, f = 2*f + 6. Calculate the highest common divisor of 644 and u.
92
Suppose 5*f - 92 = 78. Suppose -134*d = -127*d - 28. Suppose 2*b + 304 = -7*u + 9*u, d*b = -2*u + 310. What is the highest common factor of u and f?
17
Let g = 54 + -51. Suppose 15 = -g*d, -3*c = 2*d + 51 + 19. Let j be (-234)/(-10) - -2*4/c. Calculate the greatest common divisor of 23 and j.
23
Suppose 8 + 25 = 3*z. Suppose b - 2*m - 77 = 3*m, 0 = -3*b + 5*m + 221. Let h = -39 + b. What is the greatest common divisor of z and h?
11
Let q(u) = u**3 - 3*u**2 + 3*u + 1534. Let b be q(0). Calculate the highest common factor of 354 and b.
118
Let z = -2501 - -2529. What is the greatest common factor of 6818 and z?
14
Let b be (81/36)/((-6)/(-1328)). Let m = b - 486. Calculate the greatest common divisor of m and 176.
4
Let t(r) = 14*r**2 - r + 2. Let q be t(-2). Let m = -44 - -49. Suppose -30 = -c - m*j, -2*j - 82 = -3*c + 42. Calculate the greatest common factor of c and q.
20
Let x(c) = 36*c - 244. Let y(l) = -45*l + 191. Let s be y(4). Let z be x(s). What is the greatest common divisor of z and 76?
76
Let g be 4066/152 + 9/4. Let n(j) = -j**2 - 4*j + 203. Let q be n(0). Calculate the greatest common factor of q and g.
29
Let d = 92 - 18. Suppose -4*k + i = -179 - d, -4*k + 262 = 2*i. Let u be (-1)/3 + (-289)/(-3). Calculate the greatest common divisor of u and k.
32
Let x = -997 + 1037. What is the highest common factor of x and 3?
1
Let w be ((-57)/42 + (-1)/7)/(3/(-50)). Calculate the highest common factor of 405 and w.
5
Let x be 30/(-20) - 2/4. Let p be -71 + x*2/4. Let t = 96 + p. What is the highest common divisor of 16 and t?
8
Let a = -9505 - -9570. Calculate the greatest common factor of a and 10205.
65
Let a(i) = -i**2 - 5*i + 15. Let f be a(-6). Suppose -f*r + 8*r = 576. Let q be (r/112)/((-3)/14). Calculate the highest common divisor of q and 48.
24
Suppose -166*s = -2310 - 2006. Calculate the highest common divisor of 611 and s.
13
Let d(v) = 11*v**3 + 2*v**2 - 1. Let t be d(1). Suppose 1332 = 326*s - 252*s. Calculate the highest common divisor of s and t.
6
Let d = 121 + -116. Suppose -5*k - d*o + 45 = 0, -3*k - 51 = -8*k - 2*o. Suppose 189 + 295 = k*b. Calculate the greatest common divisor of b and 44.
44
Suppose -2*a + 6 = -4. Suppose -a*o = -183 - 27. Let m = 43 + -37. What is the highest common divisor of o and m?
6
Let c(u) = 100*u**2 + 5*u + 5. Let r be (-5)/(-10)*80/(-2). Let i be (r - -19)/(-1 - -2). Let m be c(i). What is the greatest common factor of m and 20?
20
Suppose 57*y - 1748 = -4*m + 60*y, -4*m + 1756 = -5*y. Suppose -m = -5*x - 34. Calculate the greatest common factor of x and 70.
10
Let o(s) = 7*s**3 - 7*s**2 - 86*s + 56. Let g be o(6). Calculate the greatest common divisor of g and 1450.
50
Let m(z) = -z**2 - 12*z + 9. Suppose -22*n - 54 = 144. Let j be m(n). What is the highest common factor of j and 36?
36
Let u = -508 - 8. Let w be 1 + 2 + -1 - u. Suppose 6*f + w = 1382. What is the highest common factor of f and 18?
18
Let c be (((-4)/15)/((-32)/80))/(4/3186). Calculate the greatest common divisor of 63 and c.
9
Let i(h) = 14*h - 34. Let v = 132 + -124. Let c be i(v). What is the greatest common divisor of c and 195?
39
Let b be (-1 - 1) + (-20 - -48 - 11). Calculate the greatest common factor of b and 114.
3
Let n = -5619 - -5841. Calculate the greatest common divisor of 259 and n.
37
Let t(b) = 491*b**2 - 41*b - 16. Let h be t(3). Calculate the highest common divisor of h and 160.
40
Let h(d) = -424*d + 2158. Let q be h(5). What is the greatest common divisor of 1786 and q?
38
Suppose 2376 = 14*o + 13*o. Suppose 4*x - 3 - 29 = 0. Calculate the greatest common factor of x and o.
8
Suppose 4*h + 2*y - 3578 = 0, -1786 = -2*h + 139*y - 137*y. What is the greatest common divisor of 2 and h?
2
Let n be (-225)/30 - -15 - ((-9)/(-6) + 0). What is the highest common divisor of 2858 and n?
2
Suppose 29*k - 13959 = -6*k - 64*k. What is the greatest common factor of k and 2209?
47
Let d(y) = 1 + 3 + 6 + 161*y**2 + 11 - 33 + 28*y. Let g be d(3). What is the greatest common divisor of 9 and g?
9
Let i(a) = -8*a - 200. Let r be i(-25). Suppose -8*d + 30*d - 22 = r. What is the highest common divisor of 47 and d?
1
Suppose -305*h + 384*h - 12087 = 0. What is the highest common factor of 3281 and h?
17
Let a(z) = 16*z**2 + 6*z - 16. Let k be a(4). Suppose -7*i - 2*v = -3*i - k, 0 = -4*v + 16. Calculate the greatest common divisor of i and 16.
16
Let v be (-35)/(-3) - 4/(-12). Suppose 112 = -4*h + d + 156, 5*h - 64 = -d. Calculate the greatest common divisor of h and v.
12
Let p = 138 - 137. Let d be (-5 - (p - 0)) + -2 + 21. What is the highest common divisor of d and 416?
13
Let v be 165*(3 - (-5 - -2 - 5 - -10)). What is the greatest common factor of v and 48345?
165
Let x = -18 + -59. Let i = x + 82. Suppose i*h = a - 2*a + 43, -3*a = h - 101. What is the greatest common divisor of a and 11?
11
Suppose 25*x + 275 = 30*x. Let s = -34 + x. Let j be 1*(-3)/s - (-86)/14. Calculate the highest common divisor of j and 30.
6
Suppose 0 = 3*a + 5*d - 40 + 14, -a = 5*d - 22. Let l = a + 59. Suppose 65 = 5*t + 4*m + 12, -4*t + l = -3*m. What is the greatest common factor of t and 91?
13
Let f be 585/(-75) - -10 - 1/5. Suppose -4*u - p = -337, p + 251 = -f*u + 5*u. What is the greatest common factor of u and 196?
28
Let r(b) = 208*b**3 + 2*b**2 - 1. Let g be r(1). Suppose -2*h - 61*f + 69*f + 62 = 0, 5*f = 2*h - 47. What is the highest common factor of g and h?
11
Let i be 2*((-7059)/(-6))/13. Let p = i - 174. Calculate the highest common divisor of 133 and p.
7
Let w(l) = 2*l**2 - 4*l - 14. Let f be w(5). Let y(z) = z**2 - 8*z - 352. Let a be y(24). What is the greatest common divisor of a and f?
16
Suppose -10 = 3450*o - 3451*o. Calculate the greatest common factor of 295 and o.
5
Let o(q) = 37*q**2 - 123*q + 269. Let d be o(2). Suppose 2*b - 281 = -c + 3*b, -5*c - 5*b + 1445